{"id":75,"date":"2024-03-14T17:06:41","date_gmt":"2024-03-14T16:06:41","guid":{"rendered":"https:\/\/les-eclaires.fr\/index.php\/contact\/"},"modified":"2024-09-23T15:06:51","modified_gmt":"2024-09-23T13:06:51","slug":"contact","status":"publish","type":"page","link":"https:\/\/les-eclaires.fr\/index.php\/contact\/","title":{"rendered":"Contact"},"content":{"rendered":"<style>.kb-row-layout-id75_01d071-a3 > .kt-row-column-wrap{align-content:start;}:where(.kb-row-layout-id75_01d071-a3 > .kt-row-column-wrap) > .wp-block-kadence-column{justify-content:start;}.kb-row-layout-id75_01d071-a3 > .kt-row-column-wrap{column-gap:var(--global-kb-gap-md, 2rem);row-gap:var(--global-kb-gap-none, 0rem );max-width:var( --global-content-width, 1290px );padding-left:var(--global-content-edge-padding);padding-right:var(--global-content-edge-padding);padding-top:29px;padding-bottom:80px;grid-template-columns:minmax(0, 1fr);}.kb-row-layout-id75_01d071-a3 > .kt-row-layout-overlay{opacity:0.30;}.kb-row-layout-id75_01d071-a3{z-index:1475;position:relative;}.kb-row-layout-id75_01d071-a3 .kt-row-layout-bottom-sep{height:100px;}.kb-row-layout-id75_01d071-a3 .kt-row-layout-bottom-sep svg{width:100%;}.kb-row-layout-id75_01d071-a3 .kt-row-layout-bottom-sep svg{fill:#ffffff!important;}@media all and (max-width: 1024px){.kb-row-layout-id75_01d071-a3 > .kt-row-column-wrap{grid-template-columns:minmax(0, 1fr);}}@media all and (max-width: 1024px){.kb-row-layout-id75_01d071-a3 .kt-row-layout-bottom-sep{height:px;}}@media all and (max-width: 1024px){.kb-row-layout-id75_01d071-a3 .kt-row-layout-bottom-sep svg{width:%;}}@media all and (max-width: 767px){.kb-row-layout-id75_01d071-a3 > .kt-row-column-wrap{grid-template-columns:minmax(0, 1fr);}.kb-row-layout-id75_01d071-a3 .kt-row-layout-bottom-sep{height:px;}.kb-row-layout-id75_01d071-a3 .kt-row-layout-bottom-sep svg{width:%;}}.kb-row-layout-id75_01d071-a3 {z-index: 10;}<\/style><div class=\"kb-row-layout-wrap kb-row-layout-id75_01d071-a3 alignfull has-theme-palette9-background-color kt-row-has-bg wp-block-kadence-rowlayout\"><div class=\"kt-row-column-wrap kt-has-1-columns kt-row-layout-equal kt-tab-layout-inherit kt-mobile-layout-row kt-row-valign-top kb-theme-content-width\">\n<style>.kadence-column75_c809bc-c5 > .kt-inside-inner-col,.kadence-column75_c809bc-c5 > .kt-inside-inner-col:before{border-top-left-radius:0px;border-top-right-radius:0px;border-bottom-right-radius:0px;border-bottom-left-radius:0px;}.kadence-column75_c809bc-c5 > .kt-inside-inner-col{column-gap:var(--global-kb-gap-sm, 1rem);}.kadence-column75_c809bc-c5 > .kt-inside-inner-col{flex-direction:column;}.kadence-column75_c809bc-c5 > .kt-inside-inner-col > .aligncenter{width:100%;}.kadence-column75_c809bc-c5 > .kt-inside-inner-col:before{opacity:0.3;}.kadence-column75_c809bc-c5{position:relative;}@media all and (max-width: 1024px){.kadence-column75_c809bc-c5 > .kt-inside-inner-col{flex-direction:column;}}@media all and (max-width: 767px){.kadence-column75_c809bc-c5 > .kt-inside-inner-col{flex-direction:column;}}<\/style>\n<div class=\"wp-block-kadence-column kadence-column75_c809bc-c5 inner-column-1\"><div class=\"kt-inside-inner-col\"><style>.wp-block-kadence-advancedheading.kt-adv-heading75_f56434-3a, .wp-block-kadence-advancedheading.kt-adv-heading75_f56434-3a[data-kb-block=\"kb-adv-heading75_f56434-3a\"]{margin-top:0px;margin-bottom:var(--global-kb-spacing-md, 2rem);text-align:center;font-size:var(--global-kb-font-size-md, 1.25rem);line-height:1.3;font-style:normal;}.wp-block-kadence-advancedheading.kt-adv-heading75_f56434-3a mark, .wp-block-kadence-advancedheading.kt-adv-heading75_f56434-3a[data-kb-block=\"kb-adv-heading75_f56434-3a\"] mark{font-style:normal;color:#f76a0c;padding-top:0px;padding-right:0px;padding-bottom:0px;padding-left:0px;}@media all and (max-width: 1024px){.wp-block-kadence-advancedheading.kt-adv-heading75_f56434-3a, .wp-block-kadence-advancedheading.kt-adv-heading75_f56434-3a[data-kb-block=\"kb-adv-heading75_f56434-3a\"]{font-size:var(--global-kb-font-size-md, 1.25rem);line-height:1.3;}}@media all and (max-width: 767px){.wp-block-kadence-advancedheading.kt-adv-heading75_f56434-3a, .wp-block-kadence-advancedheading.kt-adv-heading75_f56434-3a[data-kb-block=\"kb-adv-heading75_f56434-3a\"]{font-size:var(--global-kb-font-size-md, 1.25rem);line-height:1.3;}}<\/style>\n<p class=\"kt-adv-heading75_f56434-3a wp-block-kadence-advancedheading has-theme-palette-1-color has-text-color\" data-kb-block=\"kb-adv-heading75_f56434-3a\"><\/p>\n\n\n<style>.wp-block-kadence-advancedheading.kt-adv-heading75_e0c36c-b1, .wp-block-kadence-advancedheading.kt-adv-heading75_e0c36c-b1[data-kb-block=\"kb-adv-heading75_e0c36c-b1\"]{max-width:960px;margin-right:auto;margin-left:auto;padding-top:var(--global-kb-spacing-xxl, 5rem);margin-top:0em;margin-bottom:0em;text-align:center;font-size:72px;line-height:1.1;font-style:normal;}.wp-block-kadence-advancedheading.kt-adv-heading75_e0c36c-b1 mark, .wp-block-kadence-advancedheading.kt-adv-heading75_e0c36c-b1[data-kb-block=\"kb-adv-heading75_e0c36c-b1\"] mark{font-style:normal;color:#f76a0c;padding-top:0px;padding-right:0px;padding-bottom:0px;padding-left:0px;}@media all and (max-width: 1024px){.wp-block-kadence-advancedheading.kt-adv-heading75_e0c36c-b1, .wp-block-kadence-advancedheading.kt-adv-heading75_e0c36c-b1[data-kb-block=\"kb-adv-heading75_e0c36c-b1\"]{font-size:42px;line-height:1.1;}}@media all and (max-width: 767px){.wp-block-kadence-advancedheading.kt-adv-heading75_e0c36c-b1, .wp-block-kadence-advancedheading.kt-adv-heading75_e0c36c-b1[data-kb-block=\"kb-adv-heading75_e0c36c-b1\"]{font-size:28px;line-height:1.1;}}<\/style>\n<h1 class=\"kt-adv-heading75_e0c36c-b1 wp-block-kadence-advancedheading has-theme-palette-3-color has-text-color\" data-kb-block=\"kb-adv-heading75_e0c36c-b1\">Des id\u00e9es ? Questions ? Contactez-nous !<\/h1>\n<\/div><\/div>\n\n<\/div><\/div>\n\n<style>.kb-row-layout-id75_b8f9ad-75 > .kt-row-column-wrap{align-content:center;}:where(.kb-row-layout-id75_b8f9ad-75 > .kt-row-column-wrap) > .wp-block-kadence-column{justify-content:center;}.kb-row-layout-id75_b8f9ad-75 > .kt-row-column-wrap{column-gap:var(--global-kb-gap-none, 0rem );row-gap:var(--global-kb-gap-md, 2rem);max-width:948%;margin-left:auto;margin-right:auto;padding-right:0px;padding-bottom:var(--global-kb-spacing-xxl, 5rem);padding-left:0px;grid-template-columns:repeat(2, minmax(0, 1fr));}.kb-row-layout-id75_b8f9ad-75 > .kt-row-layout-overlay{opacity:0.30;}@media all and (max-width: 1024px){.kb-row-layout-id75_b8f9ad-75 > .kt-row-column-wrap{row-gap:var(--global-kb-gap-sm, 1rem);grid-template-columns:minmax(0, 1fr);}}@media all and (max-width: 767px){.kb-row-layout-id75_b8f9ad-75 > .kt-row-column-wrap{row-gap:var(--global-kb-gap-sm, 1rem);grid-template-columns:minmax(0, 1fr);}}<\/style><div class=\"kb-row-layout-wrap kb-row-layout-id75_b8f9ad-75 alignfull wp-block-kadence-rowlayout\"><div class=\"kt-row-column-wrap kt-has-2-columns kt-row-layout-equal kt-tab-layout-row kt-mobile-layout-row kt-row-valign-middle\">\n<style>.kadence-column75_6c2e75-91 > .kt-inside-inner-col,.kadence-column75_6c2e75-91 > .kt-inside-inner-col:before{border-top-left-radius:0px;border-top-right-radius:0px;border-bottom-right-radius:0px;border-bottom-left-radius:0px;}.kadence-column75_6c2e75-91 > .kt-inside-inner-col{column-gap:var(--global-kb-gap-sm, 1rem);}.kadence-column75_6c2e75-91 > .kt-inside-inner-col{flex-direction:column;}.kadence-column75_6c2e75-91 > .kt-inside-inner-col > .aligncenter{width:100%;}.kadence-column75_6c2e75-91 > .kt-inside-inner-col:before{opacity:0.3;}.kadence-column75_6c2e75-91{position:relative;}@media all and (max-width: 1024px){.kadence-column75_6c2e75-91 > .kt-inside-inner-col{flex-direction:column;}}@media all and (max-width: 767px){.kadence-column75_6c2e75-91 > .kt-inside-inner-col{flex-direction:column;}}<\/style>\n<div class=\"wp-block-kadence-column kadence-column75_6c2e75-91 inner-column-1\"><div class=\"kt-inside-inner-col\"><style>.kb-image75_483976-ac.kb-image-is-ratio-size, .kb-image75_483976-ac .kb-image-is-ratio-size{max-width:470px;width:100%;}.wp-block-kadence-column > .kt-inside-inner-col > .kb-image75_483976-ac.kb-image-is-ratio-size, .wp-block-kadence-column > .kt-inside-inner-col > .kb-image75_483976-ac .kb-image-is-ratio-size{align-self:unset;}.kb-image75_483976-ac{max-width:470px;}.image-is-svg.kb-image75_483976-ac{-webkit-flex:0 1 100%;flex:0 1 100%;}.image-is-svg.kb-image75_483976-ac img{width:100%;}.kb-image75_483976-ac:not(.kb-image-is-ratio-size) .kb-img, .kb-image75_483976-ac.kb-image-is-ratio-size{padding-left:var(--global-kb-spacing-xxl, 5rem);}.kb-image75_483976-ac .kb-image-has-overlay:after{opacity:0.3;}.kb-image75_483976-ac img.kb-img, .kb-image75_483976-ac .kb-img img{border-top-left-radius:15px;border-top-right-radius:15px;border-bottom-right-radius:25px;border-bottom-left-radius:15px;box-shadow:0px 0px 14px 0px var(--global-palette5, #4A5568);}<\/style>\n<figure class=\"wp-block-kadence-image kb-image75_483976-ac size-large kb-image-is-ratio-size\"><div class=\"kb-is-ratio-image kb-image-ratio-port34\"><img loading=\"lazy\" decoding=\"async\" width=\"768\" height=\"1024\" src=\"https:\/\/les-eclaires.fr\/wp-content\/uploads\/2024\/03\/IMG_9108-768x1024.jpg\" alt=\"\" class=\"kb-img wp-image-143\" srcset=\"https:\/\/les-eclaires.fr\/wp-content\/uploads\/2024\/03\/IMG_9108-768x1024.jpg 768w, https:\/\/les-eclaires.fr\/wp-content\/uploads\/2024\/03\/IMG_9108-225x300.jpg 225w, https:\/\/les-eclaires.fr\/wp-content\/uploads\/2024\/03\/IMG_9108-1152x1536.jpg 1152w, https:\/\/les-eclaires.fr\/wp-content\/uploads\/2024\/03\/IMG_9108-1536x2048.jpg 1536w, https:\/\/les-eclaires.fr\/wp-content\/uploads\/2024\/03\/IMG_9108-scaled.jpg 1920w\" sizes=\"(max-width: 768px) 100vw, 768px\" \/><\/div><\/figure>\n<\/div><\/div>\n\n\n<style>.kadence-column75_cd9772-90 > .kt-inside-inner-col{padding-top:var(--global-kb-spacing-xl, 4rem);padding-right:var(--global-kb-spacing-xl, 4rem);padding-bottom:var(--global-kb-spacing-xl, 4rem);padding-left:var(--global-kb-spacing-xl, 4rem);}.kadence-column75_cd9772-90 > .kt-inside-inner-col,.kadence-column75_cd9772-90 > .kt-inside-inner-col:before{border-top-left-radius:0px;border-top-right-radius:0px;border-bottom-right-radius:0px;border-bottom-left-radius:0px;}.kadence-column75_cd9772-90 > .kt-inside-inner-col{column-gap:var(--global-kb-gap-sm, 1rem);}.kadence-column75_cd9772-90 > .kt-inside-inner-col{flex-direction:column;}.kadence-column75_cd9772-90 > .kt-inside-inner-col > .aligncenter{width:100%;}.kadence-column75_cd9772-90 > .kt-inside-inner-col:before{opacity:0.3;}.kadence-column75_cd9772-90{position:relative;}@media all and (max-width: 1024px){.kadence-column75_cd9772-90 > .kt-inside-inner-col{padding-top:var(--global-kb-spacing-md, 2rem);padding-right:var(--global-kb-spacing-md, 2rem);padding-bottom:var(--global-kb-spacing-md, 2rem);padding-left:var(--global-kb-spacing-md, 2rem);flex-direction:column;}}@media all and (max-width: 767px){.kadence-column75_cd9772-90 > .kt-inside-inner-col{flex-direction:column;}}<\/style>\n<div class=\"wp-block-kadence-column kadence-column75_cd9772-90 inner-column-2\"><div class=\"kt-inside-inner-col\"><style>.kadence-form-75_3044fc-aa .kb-form .kadence-blocks-form-field{margin-bottom:24px;}.kadence-form-75_3044fc-aa .kb-form .kadence-blocks-form-field{padding-right:12px;padding-left:12px;}.kadence-form-75_3044fc-aa .kb-form{margin-right:-12px;margin-left:-12px;}.kadence-form-75_3044fc-aa .kb-form .kadence-blocks-form-field .kb-text-style-field, .kadence-form-75_3044fc-aa .kb-form .kadence-blocks-form-field .kb-select-style-field{border-radius:0px;font-size:var(--global-kb-font-size-sm, 0.9rem);border-width:0px 0px 1px 0px;background:rgba(255, 255, 255, 0);border-color:var(--global-palette5, #4A5568);}.kadence-form-75_3044fc-aa .kb-form .kadence-blocks-form-field > label{font-size:var(--global-kb-font-size-sm, 0.9rem);text-transform:uppercase;}.kadence-form-75_3044fc-aa .kb-form .kadence-blocks-form-field .kb-forms-submit{color:var(--global-palette9, #ffffff);border-radius:0px;border-width:1px 1px 1px 1px;background:var(--global-palette1, #3182CE);}.kadence-form-75_3044fc-aa .kb-form .kadence-blocks-form-field .kb-forms-submit{margin-top:0%;margin-right:0%;margin-bottom:0%;margin-left:52%;}.kadence-form-75_3044fc-aa .kb-form .kadence-blocks-form-field .kb-forms-submit{font-size:var(--global-kb-font-size-md, 1.25rem);}.kadence-form-75_3044fc-aa .kadence-blocks-form-warning{color:#e46565;border-color:rgba(0,0,0,0);background:rgba(0, 0, 0, 0);}.kadence-form-75_3044fc-aa .kadence-blocks-form-message, .kadence-form-75_3044fc-aa .kb-form-error-msg{font-size:var(--global-kb-font-size-sm, 0.9rem);}<\/style>\n<div class=\"wp-block-kadence-form kadence-form-75_3044fc-aa kb-form-wrap\"><form class=\"kb-form\" action=\"\" method=\"post\" data-error-message=\"Il semble y avoir une erreur\"><div class=\"kadence-blocks-form-field kb-field-desk-width-50 kb-input-size-standard\"><label for=\"kb_field_75_3044fc-aa_0\">nom &amp; pr\u00e9nom <span class=\"required\">*<\/span><\/label><input name=\"kb_field_0\" id=\"kb_field_75_3044fc-aa_0\" data-label=\"nom &amp; pr\u00e9nom \" type=\"text\" placeholder=\"\" value=\"\" data-type=\"text\" class=\"kb-field kb-text-style-field kb-text-field kb-field-0\" data-required=\"yes\"\/><\/div><div class=\"kadence-blocks-form-field kb-form-field-1 kb-field-desk-width-50 kb-input-size-standard\"><label for=\"kb_field_75_3044fc-aa_1\">compte instagram<\/label><input name=\"kb_field_1\" id=\"kb_field_75_3044fc-aa_1\" data-label=\"compte instagram\" type=\"text\" placeholder=\"\" value=\"\" data-type=\"text\" class=\"kb-field kb-text-style-field kb-text-field kb-field-1\"\/><\/div><div class=\"kadence-blocks-form-field kb-form-field-2 kb-field-desk-width-50 kb-input-size-standard\"><label for=\"kb_field_75_3044fc-aa_2\">Email<span class=\"required\">*<\/span><\/label><input name=\"kb_field_2\" id=\"kb_field_75_3044fc-aa_2\" data-label=\"Email\" type=\"email\" placeholder=\"\" value=\"\" data-type=\"email\" class=\"kb-field kb-text-style-field kb-email-field kb-field-2\" data-required=\"yes\"\/><\/div><div class=\"kadence-blocks-form-field kb-form-field-3 kb-field-desk-width-50 kb-input-size-standard\"><label for=\"kb_field_75_3044fc-aa_3\">Pourquoi nous contactez-vous ?<span class=\"required\">*<\/span><\/label><select name=\"kb_field_3\" id=\"kb_field_75_3044fc-aa_3\" data-label=\"Pourquoi nous contactez-vous ?\" type=\"select\" value=\"\" data-type=\"select\" class=\"kb-field kb-select-style-field kb-select-field kb-field-3\" data-required=\"yes\"><option value=\"\" disabled selected>A compl\u00e9ter<\/option><option value=\"Pour donner une id\u00e9e d'\u00e9v\u00e8nement\">Pour donner une id\u00e9e d&#8217;\u00e9v\u00e8nement<\/option><option value=\"Pour recommander un Rav\">Pour recommander un Rav<\/option><option value=\"Pour proposer un partenariat\">Pour proposer un partenariat<\/option><option value=\"Pour obtenir des informations sur Les Eclair\u00e9s\">Pour obtenir des informations sur Les Eclair\u00e9s<\/option><option value=\"Autre\">Autre<\/option><\/select><\/div><div class=\"kadence-blocks-form-field kb-form-field-4 kb-field-desk-width-100 kb-input-size-standard\"><label for=\"kb_field_75_3044fc-aa_4\">Message<span class=\"required\">*<\/span><\/label><textarea name=\"kb_field_4\" id=\"kb_field_75_3044fc-aa_4\" data-label=\"Message\" type=\"textarea\" placeholder=\"\" data-type=\"textarea\" class=\"kb-field kb-text-style-field kb-textarea-field kb-field-4\" rows=\"3\" data-required=\"yes\"><\/textarea><\/div><input type=\"hidden\" name=\"_kb_form_id\" value=\"75_3044fc-aa\"\/><input type=\"hidden\" name=\"_kb_form_post_id\" value=\"75\"\/><input type=\"hidden\" name=\"action\" value=\"kb_process_ajax_submit\"\/><input class=\"kadence-blocks-field verify\" type=\"text\" name=\"_kb_verify_email\" autocomplete=\"new-password\" aria-hidden=\"true\" placeholder=\"Email\" tabindex=\"-1\" data-1p-ignore=\"true\" data-lpignore=\"true\" \/><div class=\"kadence-blocks-form-field kb-submit-field kb-field-desk-width-100\"><button class=\"kb-forms-submit button kb-button-size-standard kb-button-width-full\">Envoyer<\/button><\/div><\/form><\/div>\n<noscript><div class=\"kadence-blocks-form-message kadence-blocks-form-warning\">Please enable JavaScript in your browser to submit the form<\/div><style>.kadence-form-75_3044fc-aa .kadence-blocks-form-field.kb-submit-field { display: none; }<\/style><\/noscript><\/div><\/div>\n\n<\/div><\/div>","protected":false},"excerpt":{"rendered":"<p>Des id\u00e9es ? Questions ? Contactez-nous !<\/p>\n","protected":false},"author":1,"featured_media":0,"parent":0,"menu_order":0,"comment_status":"closed","ping_status":"closed","template":"","meta":{"_price":"","_stock":"","_tribe_ticket_header":"","_tribe_default_ticket_provider":"","_tribe_ticket_capacity":"0","_ticket_start_date":"","_ticket_end_date":"","_tribe_ticket_show_description":"","_tribe_ticket_show_not_going":false,"_tribe_ticket_use_global_stock":"","_tribe_ticket_global_stock_level":"","_global_stock_mode":"","_global_stock_cap":"","_tribe_rsvp_for_event":"","_tribe_ticket_going_count":"","_tribe_ticket_not_going_count":"","_tribe_tickets_list":"[]","_tribe_ticket_has_attendee_info_fields":false,"_kadence_starter_templates_imported_post":true,"_kad_post_transparent":"","_kad_post_title":"hide","_kad_post_layout":"fullwidth","_kad_post_sidebar_id":"","_kad_post_content_style":"unboxed","_kad_post_vertical_padding":"hide","_kad_post_feature":"hide","_kad_post_feature_position":"","_kad_post_header":false,"_kad_post_footer":false,"_kad_post_classname":"","footnotes":""},"ticketed":false,"_links":{"self":[{"href":"https:\/\/les-eclaires.fr\/index.php\/wp-json\/wp\/v2\/pages\/75"}],"collection":[{"href":"https:\/\/les-eclaires.fr\/index.php\/wp-json\/wp\/v2\/pages"}],"about":[{"href":"https:\/\/les-eclaires.fr\/index.php\/wp-json\/wp\/v2\/types\/page"}],"author":[{"embeddable":true,"href":"https:\/\/les-eclaires.fr\/index.php\/wp-json\/wp\/v2\/users\/1"}],"replies":[{"embeddable":true,"href":"https:\/\/les-eclaires.fr\/index.php\/wp-json\/wp\/v2\/comments?post=75"}],"version-history":[{"count":8,"href":"https:\/\/les-eclaires.fr\/index.php\/wp-json\/wp\/v2\/pages\/75\/revisions"}],"predecessor-version":[{"id":342,"href":"https:\/\/les-eclaires.fr\/index.php\/wp-json\/wp\/v2\/pages\/75\/revisions\/342"}],"wp:attachment":[{"href":"https:\/\/les-eclaires.fr\/index.php\/wp-json\/wp\/v2\/media?parent=75"}],"curies":[{"name":"wp","href":"https:\/\/api.w.org\/{rel}","templated":true}]}}